ommon divisor of d and 136.
68
Let r = 63 + -41. Suppose -23 = -3*g + r. What is the highest common factor of g and 30?
15
Let v(j) = -6*j**2 - 3*j + 3. Let w be v(8). Let l be 1/(5*(-3)/w). Calculate the highest common divisor of l and 27.
27
Suppose 2*a = -2*m + 76, -4*m + 0*a + 4*a = -112. Let l = 91 - 55. Suppose 4*h - l - 8 = 0. Calculate the highest common factor of m and h.
11
Suppose 0 = -4*a - a + 130. Suppose 4 = 3*u + 28. Let g = u - -21. What is the highest common divisor of a and g?
13
Let q = 82 + 16. Let b = 152 - q. Let g be (-870)/(-50) - (-6)/10. Calculate the highest common factor of g and b.
18
Let n be 91*(60/(-35) + 0)/(-2). Let c(j) = -9*j - 1. Let t be c(-3). What is the greatest common factor of n and t?
26
Suppose -22*h + 508 = -42. What is the greatest common divisor of 150 and h?
25
Suppose -568 - 3465 = -n - 5*z, -5*n + 20105 = 5*z. What is the greatest common divisor of 82 and n?
82
Let i = -5 - -7. Suppose -3*n - i*b - 1 = -0*b, -9 = -n - 3*b. Let j be (1 - 7)/n - -26. Calculate the greatest common divisor of j and 4.
4
Suppose 0 = -3*k + 5*s + 76, 4*k - 5*s = 6*k - 9. Let a = 188 + -105. Let i = a + 70. What is the highest common factor of k and i?
17
Let m be 1548/44 - (-14)/(-77). Calculate the highest common factor of 70 and m.
35
Suppose -3*u + 3 = 0, -2 - 2 = -p - u. Suppose -3*o + 42 = -0*o. Suppose o*v - 60 = 9*v. Calculate the highest common divisor of p and v.
3
Let s = 385 + -235. Suppose 5*o - 65 = -5*f, -3*o - 2*f = -4*f - 39. Let d = o - -12. Calculate the highest common factor of s and d.
25
Suppose 23 = 5*z + 5*r - 7, 0 = 2*z + r - 12. Let k(b) = 1 - 3 - 49*b + 52*b. Let d be k(z). What is the highest common divisor of 112 and d?
16
Let c be 2/(-16) + 11/((-968)/(-50171)). What is the highest common factor of c and 30?
30
Suppose -z - 30 = -3*f, -20*f - 5*z - 40 = -25*f. Let d(i) = -i**2 + 9*i + 2. Let v be d(4). Calculate the highest common divisor of f and v.
11
Suppose g + 3*c = 201, 0 = 2*g - 3*c - 400 + 34. What is the greatest common divisor of 42 and g?
21
Let v(i) = -6*i**3. Let n be v(1). Let q be 5/(((-10)/15)/(20/n)). What is the highest common factor of q and 15?
5
Suppose -q + 12*r - 13*r = 0, -4*r - 2 = 3*q. Calculate the highest common divisor of 194 and q.
2
Let c(a) = -12*a + 481. Let f be c(3). Calculate the highest common factor of f and 712.
89
Let g be 2/((-3)/((-18)/4)). Suppose -g*n = -0 - 3. Suppose -3*y - 5 = -2*s, y - 3 = -s + 3*y. What is the highest common divisor of s and n?
1
Let g be 3/(-2) + (-175)/(-10). What is the greatest common factor of 104 and g?
8
Suppose 0 = -7*s + 28 - 0. Suppose 0 = 2*p - n - 68, -137 - 11 = -s*p + 5*n. Calculate the greatest common divisor of 80 and p.
16
Let g(l) = -l**2 - 11*l + 52. Let a be g(-12). Calculate the greatest common factor of a and 50.
10
Let u(z) = -z**2 - 20*z - 66. Let t be u(-8). Let p be (16/3)/((-2)/(-30)). Let g = p - t. What is the highest common factor of 20 and g?
10
Let i = -238 - -417. Let f = -47 + i. Calculate the greatest common divisor of 44 and f.
44
Let l(h) = 4*h**2 - 17*h - 12. Let u be l(8). What is the greatest common divisor of 4 and u?
4
Suppose -4*u + 308 + 72 = 0. Suppose -2*c + u = 3*c - 4*f, 5*c + 3*f - 130 = 0. Calculate the highest common divisor of c and 115.
23
Let m(k) = 7*k**2 - 1. Let y be m(-3). Calculate the highest common factor of 248 and y.
62
Let k(h) = 2*h**2 + 14*h + 1. Let x be k(6). Let p = x - 61. Let u be (6/21 - 2)*-7. Calculate the greatest common divisor of u and p.
12
Let d be (-183)/(-15) + 57/(-285). Calculate the greatest common divisor of d and 678.
6
Let x be (-2)/(-3) + (-12)/(-36). Suppose 2*j + 3*s - 26 = -s, -4*s - x = -j. Let r = 59 - 23. Calculate the highest common factor of j and r.
9
Let n = -251 - -261. Let g(k) = 2*k**3 - 2*k**2 + 4*k - 2. Let a be (-1 + 3)/((-3)/(-6)). Let p be g(a). Calculate the highest common factor of p and n.
10
Let r = -69 + 68. Let z be 5/(-3)*(r + -26). What is the greatest common divisor of 135 and z?
45
Let q(j) be the second derivative of j**4/2 - 2*j**3/3 - 2*j**2 + 7*j. Let g be q(-2). Calculate the greatest common factor of 140 and g.
28
Let u = 9 + -6. Let x(q) = -2*q**3 - q**3 - u*q - 3 + 2*q**2 + 2*q**3 - q**3. Let b be x(-2). What is the greatest common factor of b and 27?
27
Suppose -3*o = 9, 0 = 3*z - 0*o + o - 6. Suppose 2*g = 0, -z*m + m + 162 = -4*g. What is the highest common factor of m and 9?
9
Suppose -n = 4*n - 45. Suppose 5*c - n = 61. Let z(m) = 17*m - 78. Let j be z(5). Calculate the highest common factor of c and j.
7
Let j = -101 + 140. Let u(p) = -4*p**3. Let f be u(1). Let l be 6/f*(-728)/j. What is the highest common divisor of l and 28?
28
Let j(a) = 2*a + 19. Let d be j(-8). Suppose -n = 2, -d*q = -q + 3*n - 50. Let x = 50 - 36. Calculate the highest common factor of x and q.
14
Let t = -47 - -47. Let q(g) = -g**3 - g**2 - 2*g + 245. Let m be q(t). Let z(d) = 2*d + 13. Let k be z(11). What is the greatest common divisor of k and m?
35
Suppose -19*g = -17*g + 100. Let d = 72 + g. Calculate the greatest common factor of d and 198.
22
Suppose 0 = 27*z + 32*z - 2360. Calculate the greatest common factor of z and 95.
5
Let m(j) = j**2 + 19*j + 14. Let f be m(-18). Let a = f - 18. Let s = a - -24. Calculate the highest common factor of s and 14.
2
Let f be (-4)/18 - (-776)/9. Suppose 2*u = q + 114, 2*u - 5*q - f - 28 = 0. Calculate the highest common factor of u and 38.
19
Suppose 2*a - 1 + 5 = -5*o, -4*a = -5*o - 22. Calculate the greatest common divisor of a and 27.
3
Suppose 71 + 70 = 5*i + 4*o, 0 = 5*i - o - 121. What is the highest common divisor of i and 175?
25
Let z be (14/21)/(6/27999 + 0). Calculate the highest common factor of z and 51.
51
Suppose 74 = 15*o - 226. What is the highest common factor of o and 4?
4
Suppose 0 = -o - 5*d + 44, -75 = -3*o - d + 5*d. What is the greatest common factor of 464 and o?
29
Suppose -3*g + 6 = -12. Let o be -2 - (-2)/3*g. Suppose -1 = -z + 4*i + 1, 2*z - o*i - 10 = 0. What is the highest common factor of z and 2?
2
Let f(c) = c**2 + 4*c - 9. Let d be ((-14)/(-6))/(4/(-12)). Let a be f(d). What is the greatest common divisor of a and 18?
6
Let i(d) = -3*d**2. Let v be i(2). Let h = v + 20. Suppose -3*s + 784 = 11*s. What is the highest common factor of s and h?
8
Let g(h) = -h + 10. Let t be g(6). Suppose 15*i = 10*i + 15. Suppose 2*m + 6 = i*m. What is the highest common factor of t and m?
2
Let u be 3/((-15)/(-130)) - 1. Let b be u/3*(-60)/(-50). What is the greatest common divisor of b and 10?
10
Suppose -d = 4*y + 12, -d - 2*d = 4*y + 4. Let t be 46/2 + (-4)/4. Suppose 0 = -g + d*s + t, 5*g + s + 2 = 49. Calculate the highest common factor of 5 and g.
5
Let t(i) = i**2 + 14*i - 7. Let o = 100 - 70. Suppose -3*d - o = -d. Let y be t(d). What is the highest common divisor of 2 and y?
2
Let o be 15 - 9 - (2 - 0). Let x(m) = m**2 - 3*m + 1. Let h be x(o). What is the highest common divisor of 25 and h?
5
Let m be ((-2)/6)/((-9562)/(-4788) + -2). Calculate the greatest common factor of 2850 and m.
114
Suppose 19 = 4*k - 41. Suppose -6 = -3*d + k. Calculate the greatest common factor of d and 7.
7
Suppose 3*n + 4*p - 64 = 0, 12 = 2*p + p. Calculate the highest common factor of 180 and n.
4
Let w be ((-10)/(-8))/(-1)*-12. What is the highest common divisor of w and 75?
15
Let o(p) = 2*p**2 + 119*p - 1200. Let q be o(9). Let r be 2/(-8) + 26/8. What is the highest common divisor of r and q?
3
Suppose 12*n + 48620 = 122*n. What is the greatest common divisor of n and 78?
26
Suppose -1177 - 4127 = -6*v. Calculate the highest common divisor of v and 136.
68
Let k be 1*-1*3 - 918/(-18). Let r = -40 + k. Suppose -2*c + 1 = -u - 5*c, u - c = 11. What is the greatest common divisor of u and r?
8
Suppose -3*o + 4*o = -2*k - 20, 0 = -5*k + 5*o - 50. Let c be k/(-45) + (-858)/(-27). Suppose -v = -c - 4. What is the highest common divisor of v and 4?
4
Let d be 684/10 + (-40)/100. Calculate the highest common divisor of 136 and d.
68
Let i = -59 - -24. Let f be (-7)/i - 228/(-10). Calculate the highest common divisor of 253 and f.
23
Suppose 5*k + 5 - 48 = 2*n, -7 = -2*n - 5*k. Let f(c) = -c + 13. Let d be f(n). Suppose -5*y + 79 = -31. What is the highest common divisor o